 6?
True
Is 40001 a multiple of 221?
True
Is 237 a factor of 63990?
True
Is 999 a multiple of 31?
False
Does 15 divide 789?
False
Does 37 divide 276?
False
Does 6 divide 90?
True
Is 14256 a multiple of 27?
True
Is 80766 a multiple of 63?
True
Is 9 a factor of 1981?
False
Is 2901 a multiple of 3?
True
Is 34 a factor of 882?
False
Does 128 divide 2560?
True
Does 99 divide 50530?
False
Does 78 divide 1180?
False
Is 19 a factor of 3762?
True
Is 615 a multiple of 76?
False
Is 81 a factor of 60102?
True
Is 515 a multiple of 15?
False
Is 11345 a multiple of 130?
False
Is 12636 a multiple of 54?
True
Is 12 a factor of 36076?
False
Is 1838 a multiple of 45?
False
Is 49391 a multiple of 219?
False
Is 2574 a multiple of 18?
True
Is 374 a multiple of 17?
True
Is 25 a factor of 7325?
True
Is 48 a factor of 563?
False
Is 21846 a multiple of 197?
False
Does 13 divide 5073?
False
Does 23 divide 516?
False
Is 86 a factor of 11008?
True
Does 6 divide 167?
False
Does 82 divide 888?
False
Is 39 a factor of 1209?
True
Does 6 divide 193?
False
Is 227 a factor of 42449?
True
Does 61 divide 1783?
False
Does 44 divide 2052?
False
Is 9 a factor of 5346?
True
Does 11 divide 150972?
False
Is 19 a factor of 3553?
True
Does 43 divide 329?
False
Is 12 a factor of 35838?
False
Is 10 a factor of 252?
False
Is 42 even?
True
Does 25 divide 625?
True
Does 69 divide 4012?
False
Does 24 divide 1008?
True
Does 244 divide 35183?
False
Is 135 a factor of 80729?
False
Is 308 a multiple of 22?
True
Is 6 a factor of 546?
True
Is 41 a factor of 161608?
False
Is 137 a factor of 4521?
True
Is 14 a factor of 10108?
True
Is 171 a multiple of 8?
False
Is 9 a factor of 6984?
True
Is 12 a factor of 1692?
True
Is 47 a factor of 67159?
False
Is 121 a factor of 3025?
True
Is 1702 even?
True
Does 56 divide 952?
True
Does 271 divide 39379?
False
Does 5 divide 891?
False
Is 95 a factor of 2042?
False
Is 153 a factor of 28305?
True
Is 37050 a multiple of 190?
True
Does 6 divide 828?
True
Is 1208 a multiple of 22?
False
Is 4850 even?
True
Is 77532 a multiple of 364?
True
Does 113 divide 14963?
False
Does 98 divide 74846?
False
Does 187 divide 82326?
False
Does 23 divide 989?
True
Does 148 divide 2368?
True
Does 82 divide 69697?
False
Is 25 a factor of 1153?
False
Is 73 a factor of 10658?
True
Does 4 divide 3614?
False
Is 4752 a multiple of 43?
False
Is 20 a factor of 1715?
False
Is 9 a factor of 3762?
True
Does 22 divide 13222?
True
Does 38 divide 54981?
False
Is 20 a factor of 49282?
False
Does 9 divide 17920?
False
Does 7 divide 8792?
True
Is 13564 a multiple of 113?
False
Is 493 a multiple of 40?
False
Is 1232 a multiple of 77?
True
Is 4760 a multiple of 35?
True
Does 8 divide 140?
False
Is 58 a factor of 4519?
False
Is 49 a factor of 1519?
True
Does 4 divide 3247?
False
Is 16047 a multiple of 45?
False
Is 5 a factor of 335?
True
Is 37 a factor of 11470?
True
Is 462 a multiple of 13?
False
Is 17 a factor of 8156?
False
Is 41 a factor of 3920?
False
Is 28 a factor of 6272?
True
Is 412 a multiple of 25?
False
Does 6 divide 630?
True
Is 702 a multiple of 26?
True
Is 7215 a multiple of 48?
False
Is 8457 a multiple of 63?
False
Is 14 a factor of 478?
False
Does 46 divide 646?
False
Is 68 a factor of 5712?
True
Does 5 divide 2074?
False
Is 18238 a multiple of 250?
False
Does 12 divide 352?
False
Does 193 divide 4246?
True
Is 8724 a multiple of 36?
False
Is 400 a multiple of 3?
False
Is 9 a factor of 85165?
False
Does 69 divide 483?
True
Is 13 a factor of 11237?
False
Is 638 a multiple of 29?
True
Is 404 a multiple of 10?
False
Does 34 divide 116403?
False
Is 96 a factor of 4584?
False
Does 52 divide 1872?
True
Is 5 a factor of 16?
False
Is 82 a factor of 3228?
False
Is 1178 a multiple of 9?
False
Does 74 divide 2368?
True
Does 21 divide 588?
True
Is 1415 a multiple of 33?
False
Is 62 a factor of 7006?
True
Is 5 a factor of 6820?
True
Is 207 a multiple of 10?
False
Is 18 a factor of 1991?
False
Does 12 divide 155?
False
Is 46 a factor of 85882?
True
Is 116 a multiple of 29?
True
Does 32 divide 13888?
True
Is 2496 a multiple of 26?
True
Does 54 divide 13824?
True
Is 90 a factor of 5850?
True
Is 104 a factor of 16104?
False
Does 15 divide 1020?
True
Does 74 divide 2687?
False
Is 4 a factor of 5355?
False
Does 237 divide 21555?
False
Is 2910 a multiple of 15?
True
Does 63 divide 195?
False
Is 57 a factor of 1938?
True
Is 656 a multiple of 16?
True
Is 9 a factor of 792?
True
Is 7724 a multiple of 29?
False
Is 16536 a multiple of 104?
True
Is 13435 a multiple of 24?
False
Is 20 a factor of 1120?
True
Is 23 a factor of 709?
False
Does 12 divide 21248?
False
Is 5236 a multiple of 22?
True
Is 15572 a multiple of 229?
True
Is 366 a multiple of 110?
False
Does 68 divide 7276?
True
Is 8315 a multiple of 45?
False
Is 10267 a multiple of 43?
False
Does 151 divide 11653?
False
Is 2 a factor of 320?
True
Is 5518 a multiple of 5?
False
Is 32955 a multiple of 35?
False
Is 11 a factor of 25497?
False
Is 41 a factor of 41291?
False
Does 60 divide 600?
True
Is 43 a factor of 4971?
False
Is 12 a multiple of 4?
True
Is 438 a multiple of 5?
False
Is 591 a multiple of 54?
False
Is 1189 a multiple of 37?
False
Is 144 a multiple of 9?
True
Is 36 a factor of 504?
True
Is 144 a factor of 1152?
True
Is 5474 a multiple of 34?
True
Is 116549 a multiple of 17?
False
Is 25 a factor of 1200?
True
Does 6 divide 2256?
True
Does 47 divide 21973?
False
Does 9 divide 2187?
True
Is 45 a factor of 14151?
False
Is 30943 a multiple of 97?
True
Is 180 a factor of 9000?
True
Is 706 a multiple of 76?
False
Is 10 a factor of 1250?
True
Does 26 divide 9542?
True
Is 15 a factor of 143?
False
Does 59 divide 118?
True
Is 37940 a multiple of 18?
False
Is 33820 a multiple of 95?
True
Is 3 a factor of 1800?
True
Is 7239 a multiple of 103?
False
Is 105196 a multiple of 91?
True
Is 8 a factor of 7420?
False
Is 1481 a multiple of 55?
False
Is 705 a multiple of 22?
False
Does 5 divide 1755?
True
Is 6097 a multiple of 67?
True
Does 15 divide 2835?
True
Is 16 a factor of 672?
True
Does 4 divide 988?
True
Is 13307 a multiple of 12?
False
Is 21512 a multiple of 4?
True
Does 70 divide 731?
False
Is 550 a multiple of 17?
False
Does 29 divide 3248?
True
Does 14 divide 4050?
False
Does 15 divide 795?
True
Does 61 divide 46168?
False
Does 26 divide 13127?
False
Is 45 a factor of 8910?
True
Is 525 a multiple of 3?
True
Is 184 a factor of 21361?
False
Does 6 divide 342?
True
Is 365 a multiple of 8?
False
Does 8 divide 3764?
False
Does 15 divide 420?
True
Does 16 divide 928?
True
Is 21 a factor of 30891?
True
Does 21 divide 9049?
False
Is 17 a factor of 3430?
False
Is 6528 a multiple of 7?
False
Is 13574 a multiple of 127?
False
Does 12 divide 1272?
True
Is 6 a factor of 789?
False
Does 28 divide 4380?
False
Does 12 divide 31564?
False
Is 685 a multiple of 39?
False
Does 19 divide 1131?
False
Does 67 divide 3149?
True
Is 30 a factor of 90241?
False
Is 532 a multiple of 28?
True
Is 15323 a multiple of 7?
True
Does 14 divide 2828?
True
Is 128 a factor of 94331?
False
Is 56 a multiple of 14?
True
Is 436 a multiple of 6?
False
Is 1287 a multiple of 17?
False
Does 7 divide 882?
True
Is 20 a multiple of 2?
True
Does 21 divide 2921?
False
Is 20 a factor of 360?
True
Is 22 a factor of 1391?
False
Does 37 divide 118?
False
Is 1036 a multiple of 50?
False
Does 43 divide 13064?
False
Is 443 a multiple of 12?
False
Is 58 a factor of 3944?
True
Is 720 a multiple of 45?
True
Does 5 divide 2527?
False
Is 13820 a multiple of 20?
True
Is 13 a factor of 744?
False
Is 360 a multiple of 20?
True
Is 16 a factor of 5040?
True
Does 2 divide 1117?
False
Does 17 divide 170476?
True
Does 14 divide 4955?
False
Is 20 a factor of 4620?
True
Does 119 divide 1071?
True
Is 390 a multiple of 5?
True
Does 8 divide 22276?
False
Does 15 divide 390?
True
Is 27 a factor of 1161?
True
Is 30498 a multiple of 34?
True
Is 32 a multiple of 5?
False
Is 16 a factor of 1808?
True
Does 75 divide 5400?
True
Is 1525 a multiple of 25?
True
Is 27792 a multiple of 214?
False
Does 194 divide 62619?
False
Does 9 divide 2979?
True
Is 22 a factor of 132?
True
Does 26 divide 6447?
False
Is 2 a factor of 35?
False
Does 3 divide 938?
False
Is 38 a factor of 1216?
True
Does 4 divide 4928?
True
Is 3 a factor of 11?
False
Is 2781 